{"id":1911,"date":"2023-01-06T15:24:06","date_gmt":"2023-01-06T14:24:06","guid":{"rendered":"https:\/\/www.ergosum.fr\/?page_id=1911"},"modified":"2023-01-19T10:24:40","modified_gmt":"2023-01-19T09:24:40","slug":"maestrogr","status":"publish","type":"page","link":"https:\/\/www.ergosum.fr\/index.php\/maestrogr\/","title":{"rendered":"maestroGR"},"content":{"rendered":"\t\t<div data-elementor-type=\"wp-post\" data-elementor-id=\"1911\" class=\"elementor elementor-1911\">\n\t\t\t\t\t\t<div class=\"elementor-inner\">\n\t\t\t\t<div class=\"elementor-section-wrap\">\n\t\t\t\t\t\t\t\t\t<section class=\"elementor-section elementor-top-section elementor-element elementor-element-cf2eac0 elementor-section-full_width elementor-section-height-default elementor-section-height-default\" data-id=\"cf2eac0\" data-element_type=\"section\" data-settings=\"{&quot;background_background&quot;:&quot;classic&quot;}\">\n\t\t\t\t\t\t<div class=\"elementor-container elementor-column-gap-no\">\n\t\t\t\t\t\t\t<div class=\"elementor-row\">\n\t\t\t\t\t<div class=\"elementor-column elementor-col-100 elementor-top-column elementor-element elementor-element-9b4b103\" data-id=\"9b4b103\" data-element_type=\"column\" data-settings=\"{&quot;background_background&quot;:&quot;classic&quot;}\">\n\t\t\t<div class=\"elementor-column-wrap elementor-element-populated\">\n\t\t\t\t\t\t\t<div class=\"elementor-widget-wrap\">\n\t\t\t\t\t\t<div class=\"elementor-element elementor-element-ee9d837 elementor-widget elementor-widget-image\" data-id=\"ee9d837\" data-element_type=\"widget\" data-widget_type=\"image.default\">\n\t\t\t\t<div class=\"elementor-widget-container\">\n\t\t\t\t\t\t\t\t<div class=\"elementor-image\">\n\t\t\t\t\t\t\t\t\t\t\t\t<img decoding=\"async\" width=\"300\" height=\"39\" src=\"https:\/\/www.ergosum.fr\/wp-content\/uploads\/2023\/01\/logo-blanc-maestrosigrai.png\" class=\"attachment-medium size-medium wp-image-2864\" alt=\"\" loading=\"lazy\" \/>\t\t\t\t\t\t\t\t\t\t\t\t\t\t<\/div>\n\t\t\t\t\t\t<\/div>\n\t\t\t\t<\/div>\n\t\t\t\t\t\t<\/div>\n\t\t\t\t\t<\/div>\n\t\t<\/div>\n\t\t\t\t\t\t\t\t<\/div>\n\t\t\t\t\t<\/div>\n\t\t<\/section>\n\t\t\t\t<section class=\"elementor-section elementor-top-section elementor-element elementor-element-a5983fd elementor-section-content-middle elementor-reverse-tablet elementor-reverse-mobile elementor-section-boxed elementor-section-height-default elementor-section-height-default\" data-id=\"a5983fd\" data-element_type=\"section\">\n\t\t\t\t\t\t<div class=\"elementor-container elementor-column-gap-no\">\n\t\t\t\t\t\t\t<div class=\"elementor-row\">\n\t\t\t\t\t<div class=\"elementor-column elementor-col-50 elementor-top-column elementor-element elementor-element-e304160\" data-id=\"e304160\" data-element_type=\"column\">\n\t\t\t<div class=\"elementor-column-wrap elementor-element-populated\">\n\t\t\t\t\t\t\t<div class=\"elementor-widget-wrap\">\n\t\t\t\t\t\t<section class=\"elementor-section elementor-inner-section elementor-element elementor-element-179435c elementor-section-full_width elementor-section-content-middle elementor-section-height-default elementor-section-height-default\" data-id=\"179435c\" data-element_type=\"section\">\n\t\t\t\t\t\t<div class=\"elementor-container elementor-column-gap-no\">\n\t\t\t\t\t\t\t<div class=\"elementor-row\">\n\t\t\t\t\t<div class=\"elementor-column elementor-col-100 elementor-inner-column elementor-element elementor-element-46c06cf\" data-id=\"46c06cf\" data-element_type=\"column\">\n\t\t\t<div class=\"elementor-column-wrap elementor-element-populated\">\n\t\t\t\t\t\t\t<div class=\"elementor-widget-wrap\">\n\t\t\t\t\t\t<div class=\"elementor-element elementor-element-9f00eb9 title_section elementor-widget elementor-widget-heading\" data-id=\"9f00eb9\" data-element_type=\"widget\" data-widget_type=\"heading.default\">\n\t\t\t\t<div class=\"elementor-widget-container\">\n\t\t\t<p class=\"elementor-heading-title elementor-size-default\">Pilotez la gestion des risques ainsi que les activit\u00e9s du contr\u00f4le interne en mode collaboratif avec agilit\u00e9.<\/p>\t\t<\/div>\n\t\t\t\t<\/div>\n\t\t\t\t<div class=\"elementor-element elementor-element-e3d3867 elementor-widget elementor-widget-heading\" data-id=\"e3d3867\" data-element_type=\"widget\" data-widget_type=\"heading.default\">\n\t\t\t\t<div class=\"elementor-widget-container\">\n\t\t\t<p class=\"elementor-heading-title elementor-size-default\">Simplifiez la planification strat\u00e9gique, la gestion des cartographies et r\u00e9f\u00e9rentiels, le traitement d\u2019informations relatives aux risques m\u00e9tiers jusqu\u2019\u00e0 la mise en place d\u2019un dispositif de ma\u00eetrise et au suivi de son avancement.<\/p>\t\t<\/div>\n\t\t\t\t<\/div>\n\t\t\t\t<div class=\"elementor-element elementor-element-1c76abb elementor-widget elementor-widget-heading\" data-id=\"1c76abb\" data-element_type=\"widget\" data-widget_type=\"heading.default\">\n\t\t\t\t<div class=\"elementor-widget-container\">\n\t\t\t<p class=\"elementor-heading-title elementor-size-default\">Termin\u00e9s les outils complexes ! D\u00e9couvrez un syst\u00e8me informatis\u00e9 de gestion des risques et d\u2019audit interne. Economique, moderne, \u00e9pur\u00e9e et intuitive (prise en main sans formation), cette solution apporte un gain de temps pr\u00e9cieux et efficience aux acteurs des organisations (Contr\u00f4le interne, Responsable de cartographie, Responsable de plans d\u2019actions, Directions m\u00e9tier, DSI, etc.).<\/p>\t\t<\/div>\n\t\t\t\t<\/div>\n\t\t\t\t<div class=\"elementor-element elementor-element-47ae191 elementor-align-left elementor-widget elementor-widget-button\" data-id=\"47ae191\" data-element_type=\"widget\" data-widget_type=\"button.default\">\n\t\t\t\t<div class=\"elementor-widget-container\">\n\t\t\t\t\t<div class=\"elementor-button-wrapper\">\n\t\t\t<a href=\"https:\/\/www.ergosum.fr\/index.php\/contact\/\" class=\"elementor-button-link elementor-button elementor-size-sm\" role=\"button\">\n\t\t\t\t\t\t<span class=\"elementor-button-content-wrapper\">\n\t\t\t\t\t\t<span class=\"elementor-button-text\">Tester et s'abonner<\/span>\n\t\t<\/span>\n\t\t\t\t\t<\/a>\n\t\t<\/div>\n\t\t\t\t<\/div>\n\t\t\t\t<\/div>\n\t\t\t\t\t\t<\/div>\n\t\t\t\t\t<\/div>\n\t\t<\/div>\n\t\t\t\t\t\t\t\t<\/div>\n\t\t\t\t\t<\/div>\n\t\t<\/section>\n\t\t\t\t\t\t<\/div>\n\t\t\t\t\t<\/div>\n\t\t<\/div>\n\t\t\t\t<div class=\"elementor-column elementor-col-50 elementor-top-column elementor-element elementor-element-1e13bac\" data-id=\"1e13bac\" data-element_type=\"column\">\n\t\t\t<div class=\"elementor-column-wrap elementor-element-populated\">\n\t\t\t\t\t\t\t<div class=\"elementor-widget-wrap\">\n\t\t\t\t\t\t<div class=\"elementor-element elementor-element-b9befa6 elementor-absolute elementor-widget elementor-widget-image\" data-id=\"b9befa6\" data-element_type=\"widget\" id=\"img-risques\" data-settings=\"{&quot;_position&quot;:&quot;absolute&quot;}\" data-widget_type=\"image.default\">\n\t\t\t\t<div class=\"elementor-widget-container\">\n\t\t\t\t\t\t\t\t<div class=\"elementor-image\">\n\t\t\t\t\t\t\t\t\t\t\t\t<img decoding=\"async\" width=\"800\" height=\"508\" src=\"https:\/\/www.ergosum.fr\/wp-content\/uploads\/2023\/01\/Accueil-risques.jpg\" class=\"attachment-large size-large wp-image-2648\" alt=\"\" loading=\"lazy\" \/>\t\t\t\t\t\t\t\t\t\t\t\t\t\t<\/div>\n\t\t\t\t\t\t<\/div>\n\t\t\t\t<\/div>\n\t\t\t\t\t\t<\/div>\n\t\t\t\t\t<\/div>\n\t\t<\/div>\n\t\t\t\t\t\t\t\t<\/div>\n\t\t\t\t\t<\/div>\n\t\t<\/section>\n\t\t\t\t<footer class=\"elementor-section elementor-top-section elementor-element elementor-element-34ead03 elementor-section-boxed elementor-section-height-default elementor-section-height-default\" data-id=\"34ead03\" data-element_type=\"section\" data-settings=\"{&quot;background_background&quot;:&quot;classic&quot;}\">\n\t\t\t\t\t\t<div class=\"elementor-container elementor-column-gap-no\">\n\t\t\t\t\t\t\t<div class=\"elementor-row\">\n\t\t\t\t\t<div class=\"elementor-column elementor-col-100 elementor-top-column elementor-element elementor-element-0e930e4\" data-id=\"0e930e4\" data-element_type=\"column\">\n\t\t\t<div class=\"elementor-column-wrap elementor-element-populated\">\n\t\t\t\t\t\t\t<div class=\"elementor-widget-wrap\">\n\t\t\t\t\t\t<div class=\"elementor-element elementor-element-a5280f3 elementor-widget elementor-widget-heading\" data-id=\"a5280f3\" data-element_type=\"widget\" data-widget_type=\"heading.default\">\n\t\t\t\t<div class=\"elementor-widget-container\">\n\t\t\t<h2 class=\"elementor-heading-title elementor-size-default\">Restons en contact<\/h2>\t\t<\/div>\n\t\t\t\t<\/div>\n\t\t\t\t<div class=\"elementor-element elementor-element-aa769c0 elementor-shape-square elementor-grid-0 e-grid-align-center elementor-widget elementor-widget-social-icons\" data-id=\"aa769c0\" data-element_type=\"widget\" data-widget_type=\"social-icons.default\">\n\t\t\t\t<div class=\"elementor-widget-container\">\n\t\t\t\t\t<div class=\"elementor-social-icons-wrapper elementor-grid\">\n\t\t\t\t\t\t\t<span class=\"elementor-grid-item\">\n\t\t\t\t\t<a class=\"elementor-icon elementor-social-icon elementor-social-icon-facebook-f elementor-repeater-item-f509b2f\" target=\"_blank\">\n\t\t\t\t\t\t<span class=\"elementor-screen-only\">Facebook-f<\/span>\n\t\t\t\t\t\t<i class=\"fab fa-facebook-f\"><\/i>\t\t\t\t\t<\/a>\n\t\t\t\t<\/span>\n\t\t\t\t\t\t\t<span class=\"elementor-grid-item\">\n\t\t\t\t\t<a class=\"elementor-icon elementor-social-icon elementor-social-icon-twitter elementor-repeater-item-99bdbf1\" target=\"_blank\">\n\t\t\t\t\t\t<span class=\"elementor-screen-only\">Twitter<\/span>\n\t\t\t\t\t\t<i class=\"fab fa-twitter\"><\/i>\t\t\t\t\t<\/a>\n\t\t\t\t<\/span>\n\t\t\t\t\t\t\t<span class=\"elementor-grid-item\">\n\t\t\t\t\t<a class=\"elementor-icon elementor-social-icon elementor-social-icon-google-plus-g elementor-repeater-item-081eaec\" target=\"_blank\">\n\t\t\t\t\t\t<span class=\"elementor-screen-only\">Google-plus-g<\/span>\n\t\t\t\t\t\t<i class=\"fab fa-google-plus-g\"><\/i>\t\t\t\t\t<\/a>\n\t\t\t\t<\/span>\n\t\t\t\t\t<\/div>\n\t\t\t\t<\/div>\n\t\t\t\t<\/div>\n\t\t\t\t<section class=\"elementor-section elementor-inner-section elementor-element elementor-element-f0a7adf elementor-section-boxed elementor-section-height-default elementor-section-height-default\" data-id=\"f0a7adf\" data-element_type=\"section\">\n\t\t\t\t\t\t<div class=\"elementor-container elementor-column-gap-default\">\n\t\t\t\t\t\t\t<div class=\"elementor-row\">\n\t\t\t\t\t<div class=\"elementor-column elementor-col-25 elementor-inner-column elementor-element elementor-element-28f8b2e\" data-id=\"28f8b2e\" data-element_type=\"column\">\n\t\t\t<div class=\"elementor-column-wrap elementor-element-populated\">\n\t\t\t\t\t\t\t<div class=\"elementor-widget-wrap\">\n\t\t\t\t\t\t<div class=\"elementor-element elementor-element-281afde elementor-align-center elementor-widget elementor-widget-button\" data-id=\"281afde\" data-element_type=\"widget\" data-widget_type=\"button.default\">\n\t\t\t\t<div class=\"elementor-widget-container\">\n\t\t\t\t\t<div class=\"elementor-button-wrapper\">\n\t\t\t<a href=\"http:\/\/ergosum.fr\/index.php\/accueil\/\" class=\"elementor-button-link elementor-button elementor-size-sm\" role=\"button\">\n\t\t\t\t\t\t<span class=\"elementor-button-content-wrapper\">\n\t\t\t\t\t\t<span class=\"elementor-button-text\">Accueil<\/span>\n\t\t<\/span>\n\t\t\t\t\t<\/a>\n\t\t<\/div>\n\t\t\t\t<\/div>\n\t\t\t\t<\/div>\n\t\t\t\t\t\t<\/div>\n\t\t\t\t\t<\/div>\n\t\t<\/div>\n\t\t\t\t<div class=\"elementor-column elementor-col-25 elementor-inner-column elementor-element elementor-element-d7262fa\" data-id=\"d7262fa\" data-element_type=\"column\">\n\t\t\t<div class=\"elementor-column-wrap elementor-element-populated\">\n\t\t\t\t\t\t\t<div class=\"elementor-widget-wrap\">\n\t\t\t\t\t\t<div class=\"elementor-element elementor-element-6370ff3 elementor-align-center elementor-widget elementor-widget-button\" data-id=\"6370ff3\" data-element_type=\"widget\" data-widget_type=\"button.default\">\n\t\t\t\t<div class=\"elementor-widget-container\">\n\t\t\t\t\t<div class=\"elementor-button-wrapper\">\n\t\t\t<a href=\"http:\/\/ergosum.fr\/index.php\/projets\/\" class=\"elementor-button-link elementor-button elementor-size-sm\" role=\"button\">\n\t\t\t\t\t\t<span class=\"elementor-button-content-wrapper\">\n\t\t\t\t\t\t<span class=\"elementor-button-text\">Produits<\/span>\n\t\t<\/span>\n\t\t\t\t\t<\/a>\n\t\t<\/div>\n\t\t\t\t<\/div>\n\t\t\t\t<\/div>\n\t\t\t\t\t\t<\/div>\n\t\t\t\t\t<\/div>\n\t\t<\/div>\n\t\t\t\t<div class=\"elementor-column elementor-col-25 elementor-inner-column elementor-element elementor-element-82804e6\" data-id=\"82804e6\" data-element_type=\"column\">\n\t\t\t<div class=\"elementor-column-wrap elementor-element-populated\">\n\t\t\t\t\t\t\t<div class=\"elementor-widget-wrap\">\n\t\t\t\t\t\t<div class=\"elementor-element elementor-element-75ffbd2 elementor-align-center elementor-widget elementor-widget-button\" data-id=\"75ffbd2\" data-element_type=\"widget\" data-widget_type=\"button.default\">\n\t\t\t\t<div class=\"elementor-widget-container\">\n\t\t\t\t\t<div class=\"elementor-button-wrapper\">\n\t\t\t<a href=\"http:\/\/ergosum.fr\/index.php\/expertises\/\" class=\"elementor-button-link elementor-button elementor-size-sm\" role=\"button\">\n\t\t\t\t\t\t<span class=\"elementor-button-content-wrapper\">\n\t\t\t\t\t\t<span class=\"elementor-button-text\">Expertises<\/span>\n\t\t<\/span>\n\t\t\t\t\t<\/a>\n\t\t<\/div>\n\t\t\t\t<\/div>\n\t\t\t\t<\/div>\n\t\t\t\t\t\t<\/div>\n\t\t\t\t\t<\/div>\n\t\t<\/div>\n\t\t\t\t<div class=\"elementor-column elementor-col-25 elementor-inner-column elementor-element elementor-element-81007ee\" data-id=\"81007ee\" data-element_type=\"column\">\n\t\t\t<div class=\"elementor-column-wrap elementor-element-populated\">\n\t\t\t\t\t\t\t<div class=\"elementor-widget-wrap\">\n\t\t\t\t\t\t<div class=\"elementor-element elementor-element-ef385a3 elementor-align-center career elementor-widget elementor-widget-button\" data-id=\"ef385a3\" data-element_type=\"widget\" data-widget_type=\"button.default\">\n\t\t\t\t<div class=\"elementor-widget-container\">\n\t\t\t\t\t<div class=\"elementor-button-wrapper\">\n\t\t\t<a href=\"http:\/\/ergosum.fr\/index.php\/contact\/\" class=\"elementor-button-link elementor-button elementor-size-sm elementor-animation-grow\" role=\"button\">\n\t\t\t\t\t\t<span class=\"elementor-button-content-wrapper\">\n\t\t\t\t\t\t<span class=\"elementor-button-text\">Contact<\/span>\n\t\t<\/span>\n\t\t\t\t\t<\/a>\n\t\t<\/div>\n\t\t\t\t<\/div>\n\t\t\t\t<\/div>\n\t\t\t\t\t\t<\/div>\n\t\t\t\t\t<\/div>\n\t\t<\/div>\n\t\t\t\t\t\t\t\t<\/div>\n\t\t\t\t\t<\/div>\n\t\t<\/section>\n\t\t\t\t<section class=\"elementor-section elementor-inner-section elementor-element elementor-element-7661f23 elementor-section-boxed elementor-section-height-default elementor-section-height-default\" data-id=\"7661f23\" data-element_type=\"section\">\n\t\t\t\t\t\t<div class=\"elementor-container elementor-column-gap-default\">\n\t\t\t\t\t\t\t<div class=\"elementor-row\">\n\t\t\t\t\t<div class=\"elementor-column elementor-col-100 elementor-inner-column elementor-element elementor-element-1bc6b50\" data-id=\"1bc6b50\" data-element_type=\"column\">\n\t\t\t<div class=\"elementor-column-wrap elementor-element-populated\">\n\t\t\t\t\t\t\t<div class=\"elementor-widget-wrap\">\n\t\t\t\t\t\t<div class=\"elementor-element elementor-element-eaa76f0 elementor-widget elementor-widget-text-editor\" data-id=\"eaa76f0\" data-element_type=\"widget\" data-widget_type=\"text-editor.default\">\n\t\t\t\t<div class=\"elementor-widget-container\">\n\t\t\t\t\t\t\t\t<div class=\"elementor-text-editor elementor-clearfix\">\n\t\t\t\t<p>\u00a9 2023 Ergosum. Tous droits r\u00e9serv\u00e9s.<\/p>\t\t\t\t\t<\/div>\n\t\t\t\t\t\t<\/div>\n\t\t\t\t<\/div>\n\t\t\t\t\t\t<\/div>\n\t\t\t\t\t<\/div>\n\t\t<\/div>\n\t\t\t\t\t\t\t\t<\/div>\n\t\t\t\t\t<\/div>\n\t\t<\/section>\n\t\t\t\t\t\t<\/div>\n\t\t\t\t\t<\/div>\n\t\t<\/div>\n\t\t\t\t\t\t\t\t<\/div>\n\t\t\t\t\t<\/div>\n\t\t<\/footer>\n\t\t\t\t\t\t\t\t\t<\/div>\n\t\t\t<\/div>\n\t\t\t\t\t<\/div>\n\t\t","protected":false},"excerpt":{"rendered":"<p>Pilotez la gestion des risques ainsi que les activit\u00e9s du contr\u00f4le interne en mode collaboratif avec agilit\u00e9. Simplifiez la planification strat\u00e9gique, la gestion des cartographies et r\u00e9f\u00e9rentiels, le traitement d\u2019informations relatives aux risques m\u00e9tiers jusqu\u2019\u00e0 la mise en place d\u2019un dispositif de ma\u00eetrise et au suivi de son avancement. Termin\u00e9s les outils complexes ! D\u00e9couvrez [&hellip;]<\/p>\n","protected":false},"author":1,"featured_media":0,"parent":0,"menu_order":0,"comment_status":"closed","ping_status":"closed","template":"","meta":{"_mi_skip_tracking":false},"yoast_head":"<!-- This site is optimized with the Yoast SEO plugin v19.13 - https:\/\/yoast.com\/wordpress\/plugins\/seo\/ -->\n<title>maestroGR - ERGOSUM<\/title>\n<meta name=\"robots\" content=\"index, follow, max-snippet:-1, max-image-preview:large, max-video-preview:-1\" \/>\n<link rel=\"canonical\" href=\"https:\/\/www.ergosum.fr\/index.php\/maestrogr\/\" \/>\n<meta property=\"og:locale\" content=\"fr_FR\" \/>\n<meta property=\"og:type\" content=\"article\" \/>\n<meta property=\"og:title\" content=\"maestroGR - ERGOSUM\" \/>\n<meta property=\"og:description\" content=\"Pilotez la gestion des risques ainsi que les activit\u00e9s du contr\u00f4le interne en mode collaboratif avec agilit\u00e9. Simplifiez la planification strat\u00e9gique, la gestion des cartographies et r\u00e9f\u00e9rentiels, le traitement d\u2019informations relatives aux risques m\u00e9tiers jusqu\u2019\u00e0 la mise en place d\u2019un dispositif de ma\u00eetrise et au suivi de son avancement. Termin\u00e9s les outils complexes ! D\u00e9couvrez [&hellip;]\" \/>\n<meta property=\"og:url\" content=\"https:\/\/www.ergosum.fr\/index.php\/maestrogr\/\" \/>\n<meta property=\"og:site_name\" content=\"ERGOSUM\" \/>\n<meta property=\"article:modified_time\" content=\"2023-01-19T09:24:40+00:00\" \/>\n<meta property=\"og:image\" content=\"https:\/\/www.ergosum.fr\/wp-content\/uploads\/2023\/01\/logo-blanc-maestrosigrai.png\" \/>\n<meta name=\"twitter:card\" content=\"summary_large_image\" \/>\n<meta name=\"twitter:label1\" content=\"Dur\u00e9e de lecture estim\u00e9e\" \/>\n\t<meta name=\"twitter:data1\" content=\"2 minutes\" \/>\n<script type=\"application\/ld+json\" class=\"yoast-schema-graph\">{\"@context\":\"https:\/\/schema.org\",\"@graph\":[{\"@type\":\"WebPage\",\"@id\":\"https:\/\/www.ergosum.fr\/index.php\/maestrogr\/\",\"url\":\"https:\/\/www.ergosum.fr\/index.php\/maestrogr\/\",\"name\":\"maestroGR - ERGOSUM\",\"isPartOf\":{\"@id\":\"https:\/\/www.ergosum.fr\/#website\"},\"datePublished\":\"2023-01-06T14:24:06+00:00\",\"dateModified\":\"2023-01-19T09:24:40+00:00\",\"breadcrumb\":{\"@id\":\"https:\/\/www.ergosum.fr\/index.php\/maestrogr\/#breadcrumb\"},\"inLanguage\":\"fr-FR\",\"potentialAction\":[{\"@type\":\"ReadAction\",\"target\":[\"https:\/\/www.ergosum.fr\/index.php\/maestrogr\/\"]}]},{\"@type\":\"BreadcrumbList\",\"@id\":\"https:\/\/www.ergosum.fr\/index.php\/maestrogr\/#breadcrumb\",\"itemListElement\":[{\"@type\":\"ListItem\",\"position\":1,\"name\":\"Accueil\",\"item\":\"https:\/\/www.ergosum.fr\/\"},{\"@type\":\"ListItem\",\"position\":2,\"name\":\"maestroGR\"}]},{\"@type\":\"WebSite\",\"@id\":\"https:\/\/www.ergosum.fr\/#website\",\"url\":\"https:\/\/www.ergosum.fr\/\",\"name\":\"ERGOSUM\",\"description\":\"Agence int\u00e9ractive\",\"publisher\":{\"@id\":\"https:\/\/www.ergosum.fr\/#organization\"},\"potentialAction\":[{\"@type\":\"SearchAction\",\"target\":{\"@type\":\"EntryPoint\",\"urlTemplate\":\"https:\/\/www.ergosum.fr\/?s={search_term_string}\"},\"query-input\":\"required name=search_term_string\"}],\"inLanguage\":\"fr-FR\"},{\"@type\":\"Organization\",\"@id\":\"https:\/\/www.ergosum.fr\/#organization\",\"name\":\"ERGOSUM\",\"url\":\"https:\/\/www.ergosum.fr\/\",\"logo\":{\"@type\":\"ImageObject\",\"inLanguage\":\"fr-FR\",\"@id\":\"https:\/\/www.ergosum.fr\/#\/schema\/logo\/image\/\",\"url\":\"https:\/\/www.ergosum.fr\/wp-content\/uploads\/2019\/06\/logo_ergosum.png\",\"contentUrl\":\"https:\/\/www.ergosum.fr\/wp-content\/uploads\/2019\/06\/logo_ergosum.png\",\"width\":665,\"height\":182,\"caption\":\"ERGOSUM\"},\"image\":{\"@id\":\"https:\/\/www.ergosum.fr\/#\/schema\/logo\/image\/\"}}]}<\/script>\n<!-- \/ Yoast SEO plugin. -->","yoast_head_json":{"title":"maestroGR - ERGOSUM","robots":{"index":"index","follow":"follow","max-snippet":"max-snippet:-1","max-image-preview":"max-image-preview:large","max-video-preview":"max-video-preview:-1"},"canonical":"https:\/\/www.ergosum.fr\/index.php\/maestrogr\/","og_locale":"fr_FR","og_type":"article","og_title":"maestroGR - ERGOSUM","og_description":"Pilotez la gestion des risques ainsi que les activit\u00e9s du contr\u00f4le interne en mode collaboratif avec agilit\u00e9. Simplifiez la planification strat\u00e9gique, la gestion des cartographies et r\u00e9f\u00e9rentiels, le traitement d\u2019informations relatives aux risques m\u00e9tiers jusqu\u2019\u00e0 la mise en place d\u2019un dispositif de ma\u00eetrise et au suivi de son avancement. Termin\u00e9s les outils complexes ! D\u00e9couvrez [&hellip;]","og_url":"https:\/\/www.ergosum.fr\/index.php\/maestrogr\/","og_site_name":"ERGOSUM","article_modified_time":"2023-01-19T09:24:40+00:00","og_image":[{"url":"https:\/\/www.ergosum.fr\/wp-content\/uploads\/2023\/01\/logo-blanc-maestrosigrai.png"}],"twitter_card":"summary_large_image","twitter_misc":{"Dur\u00e9e de lecture estim\u00e9e":"2 minutes"},"schema":{"@context":"https:\/\/schema.org","@graph":[{"@type":"WebPage","@id":"https:\/\/www.ergosum.fr\/index.php\/maestrogr\/","url":"https:\/\/www.ergosum.fr\/index.php\/maestrogr\/","name":"maestroGR - ERGOSUM","isPartOf":{"@id":"https:\/\/www.ergosum.fr\/#website"},"datePublished":"2023-01-06T14:24:06+00:00","dateModified":"2023-01-19T09:24:40+00:00","breadcrumb":{"@id":"https:\/\/www.ergosum.fr\/index.php\/maestrogr\/#breadcrumb"},"inLanguage":"fr-FR","potentialAction":[{"@type":"ReadAction","target":["https:\/\/www.ergosum.fr\/index.php\/maestrogr\/"]}]},{"@type":"BreadcrumbList","@id":"https:\/\/www.ergosum.fr\/index.php\/maestrogr\/#breadcrumb","itemListElement":[{"@type":"ListItem","position":1,"name":"Accueil","item":"https:\/\/www.ergosum.fr\/"},{"@type":"ListItem","position":2,"name":"maestroGR"}]},{"@type":"WebSite","@id":"https:\/\/www.ergosum.fr\/#website","url":"https:\/\/www.ergosum.fr\/","name":"ERGOSUM","description":"Agence int\u00e9ractive","publisher":{"@id":"https:\/\/www.ergosum.fr\/#organization"},"potentialAction":[{"@type":"SearchAction","target":{"@type":"EntryPoint","urlTemplate":"https:\/\/www.ergosum.fr\/?s={search_term_string}"},"query-input":"required name=search_term_string"}],"inLanguage":"fr-FR"},{"@type":"Organization","@id":"https:\/\/www.ergosum.fr\/#organization","name":"ERGOSUM","url":"https:\/\/www.ergosum.fr\/","logo":{"@type":"ImageObject","inLanguage":"fr-FR","@id":"https:\/\/www.ergosum.fr\/#\/schema\/logo\/image\/","url":"https:\/\/www.ergosum.fr\/wp-content\/uploads\/2019\/06\/logo_ergosum.png","contentUrl":"https:\/\/www.ergosum.fr\/wp-content\/uploads\/2019\/06\/logo_ergosum.png","width":665,"height":182,"caption":"ERGOSUM"},"image":{"@id":"https:\/\/www.ergosum.fr\/#\/schema\/logo\/image\/"}}]}},"_links":{"self":[{"href":"https:\/\/www.ergosum.fr\/index.php\/wp-json\/wp\/v2\/pages\/1911"}],"collection":[{"href":"https:\/\/www.ergosum.fr\/index.php\/wp-json\/wp\/v2\/pages"}],"about":[{"href":"https:\/\/www.ergosum.fr\/index.php\/wp-json\/wp\/v2\/types\/page"}],"author":[{"embeddable":true,"href":"https:\/\/www.ergosum.fr\/index.php\/wp-json\/wp\/v2\/users\/1"}],"replies":[{"embeddable":true,"href":"https:\/\/www.ergosum.fr\/index.php\/wp-json\/wp\/v2\/comments?post=1911"}],"version-history":[{"count":164,"href":"https:\/\/www.ergosum.fr\/index.php\/wp-json\/wp\/v2\/pages\/1911\/revisions"}],"predecessor-version":[{"id":2870,"href":"https:\/\/www.ergosum.fr\/index.php\/wp-json\/wp\/v2\/pages\/1911\/revisions\/2870"}],"wp:attachment":[{"href":"https:\/\/www.ergosum.fr\/index.php\/wp-json\/wp\/v2\/media?parent=1911"}],"curies":[{"name":"wp","href":"https:\/\/api.w.org\/{rel}","templated":true}]}}